= z - 5*q + 35, -2*q = -4*z + 10. Suppose 3*j = -z*y - 149, 2*y + j = 6*y + 109. Let m = y + 133. What is the units digit of m?
5
Suppose -s + 5859 + 1017 = -1974. What is the units digit of s?
0
Suppose -4*i + 31373 = 2*p - 73699, 3*p - 157640 = 2*i. What is the hundreds digit of p?
5
Let c(r) = 5*r**2 + 4*r + 19165. What is the units digit of c(0)?
5
Let m = 465 + -441. Let n be 159 - 4*(-4)/(-16). Suppose m*r = 26*r - n. What is the tens digit of r?
7
Let a = -736 - -2614. What is the units digit of a?
8
Let k(p) = 5*p**2 - 38*p + 169. Let t be k(24). Suppose 0 = -4*d + 58*b - 59*b + 2846, 0 = 3*d + 2*b - t. What is the hundreds digit of d?
7
Suppose -455*q + 460*q - b - 276557 = 0, -4*q + 4*b + 221268 = 0. What is the hundreds digit of q?
3
Suppose -2*m - 60 - 72 = 5*v, v - 303 = 5*m. Let w = -56 - m. Suppose -j + 0*j + 257 = w*b, -3*b - j = -155. What is the tens digit of b?
5
Let a(u) = u. Let h(r) = -8*r - 53. Let p(s) = -2*a(s) + h(s). Suppose -15*o + 12*o = 69. What is the hundreds digit of p(o)?
1
Let h(u) = -1560*u - 12. Let f be h(-3). What is the hundreds digit of ((16/(-4))/(-16))/(3/f)?
3
Suppose y + 4*t = t - 5, 0 = 4*y + t - 13. Let l be y + (-6)/2 - 3/(-1). Suppose 15 = l*f + 2*r + 1, 3*f + 2*r - 8 = 0. What is the units digit of f?
6
Suppose 129 = -7*q + 10. Let k(z) = 3*z + 40. Let o be k(q). Let c(j) = 3*j**2 + 25*j - 4. What is the tens digit of c(o)?
8
Suppose x = 242*c - 240*c + 6396, 5*c = -4*x + 25597. What is the hundreds digit of x?
3
Suppose -3*c = 18, -6*k + c + 44129 + 2155 = 0. What is the units digit of k?
3
Let v = 124588 - 56214. What is the hundreds digit of v?
3
Suppose 4*v = g + 48483, -48463 = -4*v - 1024*g + 1029*g. What is the units digit of v?
2
Let h be -3*(1 + 0 - (-9)/(-27)). What is the tens digit of (-3)/h*(-892)/(-3)?
4
Suppose -3*s = -3*w - 18711, 14*s + 9*w = 6*w + 87284. What is the hundreds digit of s?
2
Let j(n) = -n**2 - 11*n - 12. Let q be j(-8). Suppose 3*p - 23 + 8 = 0. Suppose s - z = -3*z + 6, s - q = -p*z. What is the units digit of s?
2
Let a = 488 - -122. Let p = a + -251. What is the units digit of p?
9
Suppose -146 = -3*u - 98. Suppose 2831 + 7921 = u*j. What is the units digit of j?
2
Suppose 3*s - 559 = -4*u, s = 27*u - 25*u - 277. Suppose -6330 = 129*z - u*z. What is the tens digit of z?
3
Let g(v) = v**2 - 68*v + 17. Let w be g(-25). Suppose -3274 - w = -13*q. What is the hundreds digit of q?
4
What is the tens digit of 404/6*4/(-8)*-303?
0
What is the tens digit of 3 + -26 + 68988 + -3?
6
Let y = 192 + -202. Let s(l) be the third derivative of -25*l**4/24 - 5*l**3/3 - 4*l**2. What is the hundreds digit of s(y)?
2
Suppose -3*n - u - 14 = 0, -5*n + 4*n + 2*u = 0. What is the units digit of 3/15*5/n*-428?
7
Let s(q) = 29*q**3 - 1560*q**2 - 17*q - 2. What is the hundreds digit of s(54)?
5
Let k(q) = -174*q**2 - 13*q + 2. Let i be k(-2). Let b = i + 1275. What is the units digit of b?
7
Let y(v) = -4*v**3 - 3*v**2 - 5*v - 2. Let k be y(-2). Let o(n) = k + 5*n + 29 + 0*n. What is the units digit of o(17)?
2
Suppose -3*u + 174 = 39. Suppose 51*b - u*b - 1176 = 0. What is the hundreds digit of b?
1
Let t be 32/(-20)*15/(-6). Suppose t*z + c - 2485 = 0, 4*z = 2*c + 1607 + 887. What is the hundreds digit of z?
6
Let i = 12582 + -5986. What is the hundreds digit of i?
5
Suppose -95*a + 1087422 = 77*a - 53*a. What is the tens digit of a?
3
What is the ten thousands digit of 1042800/100 + (3/2)/(-3)*0?
1
Let u be ((-94)/(-10))/(2/70). Let s = u + -103. What is the tens digit of s?
2
What is the units digit of -78 + 1403 + 6*4/(-3)?
7
Let l = -1104 - -1292. Suppose -4 = 3*c - 4*k, -2*k + 3 = 2*c + k. Suppose 2*i - l = -c*i. What is the units digit of i?
4
Suppose r + 2*f - 8 = 0, -r + 5*f = -0*f + 6. Suppose -g - 4*n = 559, -r*n - n = -g - 532. What is the tens digit of (-1)/3 - g/3?
8
What is the units digit of (2 - 68322/(-21)) + 87/(-203)?
5
Let x(b) = -4*b**3 - 27*b**2 - 131*b + 85. What is the thousands digit of x(-19)?
0
Let i be 0*(-1)/(-2) + 2. Let t be (-51)/15 - -3 - 1062/(-5). Suppose i*z = t - 6. What is the hundreds digit of z?
1
Let u(g) = g**3 - 25*g**2 + 24*g + 2. Let j be u(24). What is the hundreds digit of j*(5 + -2 + 139)?
2
Let a = 67 - 94. Let y = -81 - a. Let k = 55 + y. What is the units digit of k?
1
Suppose 0 = -2*x + 3*x. Suppose -8 - 10 = -9*c. Suppose -3*v = -c*w + 101 + 40, x = -3*v - 15. What is the tens digit of w?
6
Suppose 10*h + 13 + 7 = 0. What is the hundreds digit of (h/(-4))/(((-40)/5)/(-6384))?
3
Suppose -3*t - 2*m = t - 9384, -4*t + 5*m = -9384. Let x = 3429 - t. Suppose -x = -4*k - w, -11*k + 541 = -9*k + w. What is the hundreds digit of k?
2
What is the hundreds digit of (-3 + -9 + 6)/(12/(-131622))?
8
Suppose 5*r - 216 = -c - 19, -4*c = 3*r - 125. Let p(j) = 25 + 122*j - 35*j - 37*j - r*j. What is the tens digit of p(6)?
9
Let j = -47 - 1. Let h = 122 + j. What is the units digit of h?
4
Let p = -99 + 75. What is the tens digit of 2*(-6)/p*-10 + 429?
2
Let q(t) = 356*t**2 + 16*t + 34. What is the thousands digit of q(-2)?
1
Suppose -1280146 - 1494658 = -172*p + 1160900. What is the units digit of p?
2
Suppose -10 = 5*h, 0 = 5*k - h - 690 - 512. Suppose 2*u = 4*a + k, u + 16*a = 20*a + 128. What is the hundreds digit of u?
1
Let f(d) = d**2 + 98*d + 65. Let r(c) = c**2 + 2*c + 1. Let p(z) = -f(z) + 4*r(z). What is the tens digit of p(37)?
1
Let l(u) = u**2 - 6*u - 5. Let c be l(7). Suppose 4*q - 766 = -2*a, 645 = c*a - 4*q - 153. What is the tens digit of a?
9
Suppose -22*b - 5*b = -135. Suppose 6*m - 5*m + 3 = 0, 0 = -5*c + b*m + 2060. What is the hundreds digit of c?
4
Let t(v) = v + 6. Let k be t(12). Let z be ((-4)/(-6))/(k/(-189)). What is the units digit of 7/(0 - 1/z)?
9
Let a(v) = 341*v**3 + 4*v**2 - 2*v - 1. Let k be a(1). Let z = -4 + k. What is the hundreds digit of z?
3
What is the tens digit of (15 + 0)*21813/(-9)*-2?
1
Let g = -566 + 638. Let v = 156 + g. What is the tens digit of v?
2
Let s = -2480 - -2482. Let u be 1*2*(3 - 1). Suppose u*r = -s*d + 213 + 129, -624 = -4*d + 4*r. What is the tens digit of d?
6
Let u = -83 + 50. Let j(c) = -c**2 - 12*c + 16. Let q be j(-9). Let m = q + u. What is the units digit of m?
0
Let d(w) be the third derivative of 1/120*w**6 + 5/6*w**3 + 0 + 4*w**2 - 1/24*w**4 + 0*w - 1/60*w**5. What is the units digit of d(5)?
0
Let l(s) = -7382*s + 2076. What is the hundreds digit of l(-1)?
4
Suppose 6*x = -80 - 4. Let g = 258 - x. What is the tens digit of g?
7
Suppose 0 = -4*a - 4, 916 = -2*x + 7*x + 4*a. Suppose -412 = 4*h + 4*m, h + 6*m + 94 = 2*m. Let w = x + h. What is the units digit of w?
8
Suppose -l = -3, -2*i - i + 18 = l. Suppose -i*q + 2285 = -5*d, -4*q - 2*d - d = -1807. What is the hundreds digit of q?
4
Let s(q) be the second derivative of 40*q**3/3 + 38*q**2 - q + 39. What is the tens digit of s(9)?
9
Let z be (21 + 3 + -2)/(2/3). Let d = 43 - z. Suppose 29 = 11*i - d*i. What is the tens digit of i?
2
Let s = -294 + 292. What is the tens digit of 254 + 9 - -1*(s - -2)?
6
Let u(h) = -5*h**3 - 21*h**2 + 102*h + 1600. What is the thousands digit of u(-15)?
2
Let v(m) be the second derivative of 13*m**3/6 + m**2 + 2*m. Let b be v(6). What is the units digit of -1*(2 - 1) + b?
9
Let d = 39 - 18. Suppose 2*n + 4*q - 212 = -2*n, 0 = 2*n - 5*q - 127. Let c = n - d. What is the tens digit of c?
3
Let m(w) = 20 + 2*w - 1 - 13*w - 2. Let y(n) = n**2 + 7*n - 9. Let g be y(-7). What is the tens digit of m(g)?
1
Suppose 210 - 42 = -14*i. Let y = i - -12. Suppose -70*j + 68*j + 136 = y. What is the units digit of j?
8
Let n = -160 - -218. Let a = 260 - n. What is the hundreds digit of a?
2
What is the thousands digit of (-246)/(-205) + ((-133549)/(-5) - -2)?
6
Suppose 0 = -91*o + 95*o + 4316. Let l = -721 - o. What is the hundreds digit of l?
3
Let v = 28217 + -16895. Suppose -v = -33*c + 25869. What is the units digit of c?
7
Let o(d) = -d + 7. Let c be o(5). Suppose 3*t = 5*r + 20, -4*t = -5*r - 18 - c. Suppose -v + 25 + 16 = t. What is the units digit of v?
1
Let a be (28/(-8) - 4)*6/(-9). Suppose 6 = a*s + 2*f - 3, s - 2*f = 9. What is the units digit of s?
3
What is the units digit of 680/255*30162/8?
4
Let f be ((-8)/12)/(1/(30/(-4))). Suppose -p = -f*p + 332. Suppose -p*r - 122 = -84*r. What is